hen 26 is divided by x.
2
Let h = -8 - -15. Let l be 1 + -1 - (-11 + h). What is the remainder when 2 is divided by l*3/24*2?
0
Suppose 60 = 51*j - 1113. What is the remainder when 157 is divided by j?
19
Let k(t) be the second derivative of 4*t**3/3 - 13*t**2/2 + 18*t. Calculate the remainder when k(10) is divided by 23.
21
Let x(h) be the first derivative of -h**3/3 + 9*h**2/2 - h - 37. What is the remainder when x(7) is divided by 5?
3
Let w be (91/21)/(-2 + 86/42). Suppose 29 = 5*g - w. Calculate the remainder when 93 is divided by g.
21
Suppose 0 = -29*q - 47*q + 3116. What is the remainder when q is divided by 4?
1
Calculate the remainder when 47 is divided by 1 + 4 + 224/16.
9
Let v(z) = -z**2 + 9*z + 16. What is the remainder when 19 is divided by v(10)?
1
Suppose -i - 5*x - 3 = -11, -32 = -4*i - x. Suppose 544 = 8*f - 72. Calculate the remainder when f is divided by i.
5
Let t(w) = 11*w - 105. What is the remainder when 216 is divided by t(17)?
52
Let p = -1445 + 1482. What is the remainder when p is divided by 6?
1
Suppose -5*x + 3*s = -123, 4*x + 5*s - 91 = -0*s. What is the remainder when ((-480)/(-375))/16 + (-2246)/(-50) is divided by x?
21
Suppose 5*i + 8*z - 40 = 5*z, 2*z - 45 = -5*i. Calculate the remainder when i is divided by 4.
3
Let z(p) = 2*p - 1. Let d be z(2). Suppose -3*o = d*g - 12, 6*o + 3*g - 17 = 2*o. Calculate the remainder when 22 is divided by o.
2
Let h(z) = -z**3 + 11*z**2 + 27*z - 16. Let p be h(12). Suppose -10*m = -166 - p. Calculate the remainder when m is divided by 9.
6
Let d = 376 + -222. Calculate the remainder when d is divided by 26.
24
Let o be 7/((-42)/4)*-3. Suppose -2*p + 0 = o. Calculate the remainder when (-3179)/(-55) + p/(-5) is divided by 30.
28
Suppose 2*d + 3*d = 75. Calculate the remainder when (-58)/((2 - 3) + -2 - -2) is divided by d.
13
Calculate the remainder when 34/(-119) - 975/(-7) is divided by 14.
13
Suppose 5*p - 6*p = 5. Let u be -3 + 3/3 - p. Suppose 91 = u*x + 3*j - 56, -113 = -2*x + 3*j. Calculate the remainder when x is divided by 14.
10
Suppose -2*m - 2*u = -5*m + 5, -m - 5 = -4*u. Suppose -5*w + m*i = -203 + 68, -5*i + 23 = 2*w. Calculate the remainder when 93 is divided by w.
21
Let j(o) = -o**2 + 12*o - 14. Let d = 1 + 3. Suppose -d*z = -12 - 28. Calculate the remainder when z is divided by j(10).
4
Suppose -2*a = -3*s + 41, -5*a + 2*a - 12 = 0. What is the remainder when 85 is divided by s?
8
Let i(f) = -10 + 1 + 6*f - f. What is the remainder when 60 is divided by i(5)?
12
Suppose 4*u - 4*b = 0, 11 = 4*b - 1. Suppose 0 = u*s - s, 2*y = -5*s - 18. What is the remainder when 13 + 5/(15/y) is divided by 4?
2
Let y be 2*(18/(-4))/3. Let a be (-1)/(2*y/78). Suppose 2*l = -9 + a. What is the remainder when l is divided by 1?
0
Let c = -142 + 207. What is the remainder when c is divided by 31?
3
Let w(c) = 10*c - 90. Suppose -3*z + 476 = -s, 3*s = -0*z - 3*z + 456. What is the remainder when z is divided by w(13)?
37
Let f(k) = k**3 + 7*k**2 + 12*k + 12. Let b be f(-5). What is the remainder when 8/b + 90/2 is divided by 17?
15
Suppose -2*i = -5*y - 14, -2*i - 5*y - 2 - 4 = 0. Suppose -92 = -i*d - 28. Calculate the remainder when 93 is divided by d.
29
Let z = 890 + -671. What is the remainder when z is divided by 19?
10
Let g = 104 - 104. What is the remainder when 47 - (0 - (g - 3)) is divided by 23?
21
Let g = 29 + -8. Let l(o) be the third derivative of 13*o**4/24 - 4*o**2. What is the remainder when l(3) is divided by g?
18
Let c(w) = 41*w**2 - w. Calculate the remainder when c(-1) is divided by ((4 - 7)*-1)/((-1)/(-5)).
12
Suppose 0 = -6*r + 99 + 15. What is the remainder when 112 is divided by r?
17
Suppose 38*p - 44*p + 66 = 2*s, 0 = 2*p + 6. Calculate the remainder when s is divided by (1 - -13)*1 - -1.
12
Suppose -p = -4*s + 12, s - 5*s - 4*p = 8. Let o(a) = 3*a + 8. What is the remainder when o(s) is divided by ((-16)/6)/((-6)/9)?
2
Suppose 3*h - 4*m - 218 = 0, 3*h - 213 = m - 10. Calculate the remainder when h is divided by 17.
15
Let j(z) = z**3 - 7*z**2 + 8*z - 9. What is the remainder when 94 is divided by j(6)?
1
Let g(u) = u**3 + 10*u**2 - 30*u - 58. Suppose 65 + 95 = 4*l. What is the remainder when l is divided by g(-12)?
12
Let a be (-464)/120 + (-2)/15. Calculate the remainder when 12 is divided by ((-6)/4)/(2/a).
0
Let g = 47 - 32. Let p be 1 - 4/(4/(-3)). Suppose 0 = 2*n + 5*h - 12 + 4, p*h = -4*n + 28. What is the remainder when g is divided by n?
6
Calculate the remainder when (1 - -5)/(12/1616*4) is divided by 21.
13
Let g(s) = 201*s + 2. Let y be g(-1). Suppose 197 = -2*d + 755. Let j = d + y. What is the remainder when j is divided by 27?
26
Let q(u) = -u**2 + u + 3. Let j be q(3). Let s = 3 + j. Suppose 0 = -2*n + 4*f + 98, 5*f - 3 + 13 = s. What is the remainder when n is divided by 16?
13
Suppose -2*c + c = -5. Suppose -13*y + 5*d + 35 = -8*y, 0 = 5*y - 3*d - 27. What is the remainder when c is divided by y?
2
Let l be 6/9 + 736/12. Suppose 5*r - 41 = -0*s - 3*s, -5*s - 2*r = -l. Calculate the remainder when 23 is divided by s.
11
Let y = 3994 + -3990. Suppose -130 = -4*b - t + 3*t, -4*b + 121 = t. Calculate the remainder when b is divided by y.
3
Suppose c + 0 = 6. Suppose -u - f + c = -3*u, 2*u + 5*f = -6. Calculate the remainder when 87 is divided by (5/u)/(4/(-36)).
12
Let l be (2 + -2)*(-1)/2. Let x be (0 - 1)/((2/(-4))/1). Suppose l = 2*t - x - 8. What is the remainder when 7 is divided by t?
2
Suppose 2*h - 3*k - 15 = 0, -5*h = -3*k - 2*k - 50. Suppose -b - 5 = 0, -2*b - 68 = z - 3*z. Calculate the remainder when z is divided by h.
14
Let v = -966 - -1067. Calculate the remainder when v is divided by (-260)/(-8)*8/10.
23
Let x(n) = -30*n - 1. Let k = -255 - -415. Let i = -154 + k. What is the remainder when x(-1) is divided by i?
5
Let r(p) = p**2 + 14*p + 115. Calculate the remainder when r(-21) is divided by 8.
6
Let p(y) = 5*y + 23. Let s be p(-7). Let a(u) = u**3 + 13*u**2 + 9*u + 15. What is the remainder when a(s) is divided by 14?
9
Let i = -46 + 64. Suppose 0 = s + 5*x - 64, 4*s - x - 160 = s. Suppose 5*a = s + 211. Calculate the remainder when a is divided by i.
17
Suppose -b = 3, 4*y = y - 3*b + 12. What is the remainder when 319 is divided by y?
4
Suppose -5*k - 2*j + 10 = -306, -4*j - 328 = -5*k. Calculate the remainder when k is divided by (0 - -19)*(318 + -317).
7
Suppose 4*w = 62*w - 1276. What is the remainder when w is divided by 8?
6
Let h(o) = -o**3 - 37*o**2 - 6*o - 205. Calculate the remainder when h(-37) is divided by 9.
8
Suppose -136 = -3*q - 5*y + 382, q + 3*y - 174 = 0. Suppose t - o - 34 = 2*o, q = 4*t - 5*o. Calculate the remainder when t is divided by 17.
15
Let f(l) = 6*l + 250. What is the remainder when f(-39) is divided by 5?
1
Let x be 5*(6/(-5) + 2). Suppose 16 = x*r - 36. Calculate the remainder when ((-232)/(-87))/(2/18) is divided by r.
11
Suppose 5*k - k - 372 = 0. Let b = 142 + -118. What is the remainder when k is divided by b?
21
Suppose 0 = -5*n - 4*x + 3*x + 88, 2*n + 5*x = 49. Let w(h) = 11 - h**3 + 6*h**2 + 3*h + 2*h - 17 + 7. Calculate the remainder when w(6) is divided by n.
14
Let t(r) = r**3 + 7*r**2 - 9*r + 11. Suppose 2*v + 2*v = -32. Let u be t(v). Let a = 27 - u. Calculate the remainder when 22 is divided by a.
6
Let v be 8*(-1 - 3/(-6)). Let n(h) = h**3 + 6*h**2 + 6*h + 4. Let l be n(v). Calculate the remainder when 53 is divided by (1 - -2)/(l/56).
11
Let h(n) = -68*n + 5. Let p be h(-2). Suppose -4*x + p = -39. Calculate the remainder when x is divided by 27.
18
Suppose 55 = 3*s + 5*f - 8, 0 = 2*f. Suppose -2*n + 10 = 3*k, k = 2*n + 5 - 23. Calculate the remainder when s is divided by n.
5
Let a be 410/(-15) - (-4)/(-6). Let i = a + 18. Calculate the remainder when 15 is divided by 12/(-30) - 64/i.
3
Let p = 57 + -41. Let u(x) = 8*x**2 + 11*x - 4. What is the remainder when p is divided by u(-2)?
4
Let k be (1 - 1)/(-7 + 9). Suppose f - 10 - 15 = k. Calculate the remainder when (432/(-42))/((-2)/14) is divided by f.
22
Suppose -3*r - 195 = -2*x, -r = x - 20 - 90. Calculate the remainder when x is divided by 3.
0
Suppose -1140 - 200 = -4*s. Suppose 0 = 9*b - 250 - s. Calculate the remainder when b is divided by 17.
14
Let u(c) = 9*c - 109. What is the remainder when 63 is divide